3) in base 16?
c3bd
-7df03 (base 16) to base 13
-150a43
What is 12044430 (base 5) in base 7?
645650
What is -13115021 (base 6) in base 16?
-68ff5
-3442001 (base 6) to base 4
-223020301
What is -113332221 (base 4) in base 14?
-27b17
What is 111 (base 10) in base 14?
7d
What is -33013121322 (base 4) in base 16?
-3c767a
-304757 (base 14) to base 15
-221b32
-10110000101100001111 (base 2) to base 9
-1322681
Convert 10010101101010011110 (base 2) to base 11.
389633
Convert -a0402 (base 11) to base 16.
-23dd0
What is 1212306 (base 10) in base 11?
758907
-1411157 (base 9) to base 11
-48a350
What is -1130442143 (base 5) in base 15?
-36364d
196979 (base 15) to base 9
2285336
Convert 101100000111110000110 (base 2) to base 9.
2643186
12a2 (base 12) to base 15
978
-10000110101101010111 (base 2) to base 11
-347607
Convert 158492 (base 13) to base 4.
2001333311
14120222 (base 5) to base 16
236a6
What is -5630189 (base 11) in base 7?
-146610262
Convert -1001436 (base 8) to base 2.
-1000000001100011110
What is a718d2 (base 15) in base 16?
795c59
212120343 (base 5) to base 8
3324172
What is 66553 (base 13) in base 6?
3550341
-2427468 (base 11) to base 3
-21221201122102
What is 316a7 (base 12) in base 7?
360202
1778aa1 (base 11) to base 9
5602513
9847025 (base 10) to base 13
206a056
350203 (base 11) to base 15
aedbd
Convert 140045 (base 6) to base 9.
18732
120212132210 (base 4) to base 14
bdc352
What is -325321 (base 8) in base 11?
-75102
1200010211 (base 3) to base 11
227a7
Convert cc52d (base 14) to base 13.
144385
What is 1094aa (base 11) in base 16?
2a642
What is -591035 (base 11) in base 6?
-32040225
Convert -343424 (base 7) to base 16.
-ef54
Convert 11322010113 (base 4) to base 11.
968509
What is 33bd8 (base 16) in base 11?
135252
Convert -1592694 (base 12) to base 5.
-2112434300
Convert 10100100111101000001 (base 2) to base 12.
287001
15632 (base 8) to base 11
5344
-72943 (base 10) to base 9
-121047
What is 12542504 (base 7) in base 8?
4314607
Convert 13c260 (base 16) to base 4.
10330021200
Convert -137755 (base 8) to base 14.
-13c97
Convert 17a841 (base 15) to base 12.
475181
Convert -3702130 (base 10) to base 8.
-16076562
Convert -329666 (base 12) to base 16.
-c466e
What is -b9c042 (base 14) in base 7?
-104335112
What is 12762 (base 11) in base 12?
a662
Convert 1202303013 (base 4) to base 9.
676103
What is -97a964 (base 11) in base 6?
-53323531
-110320202 (base 4) to base 15
-1a528
What is -36161021 (base 7) in base 16?
-30f39e
148380 (base 15) to base 10
989670
-16747a8 (base 11) to base 10
-2846643
What is 1a5737 (base 15) in base 16?
13981f
Convert -6679ac (base 16) to base 12.
-22ba578
1091a6 (base 13) to base 8
1374313
Convert -1047962 (base 10) to base 6.
-34243402
Convert 5a3545 (base 11) to base 5.
221100222
-111001010122210 (base 3) to base 2
-11010011100001010001011
Convert -12441a9 (base 11) to base 15.
-2c952b
Convert -39856 (base 14) to base 5.
-14012323
-1146746 (base 8) to base 10
-314854
1004067 (base 8) to base 11
170595
231fb0 (base 16) to base 15
307082
Convert 77282 (base 16) to base 5.
111104231
Convert 11328 (base 10) to base 12.
6680
26a470 (base 14) to base 15
1b55e6
Convert 34303300 (base 5) to base 11.
19a479
-150958 (base 10) to base 2
-100100110110101110
-200303402 (base 5) to base 11
-4a0404
Convert -ab76b (base 12) to base 11.
-145991
Convert -202002011210 (base 3) to base 9.
-662153
-1111101221212 (base 3) to base 8
-3021254
11a9408 (base 11) to base 10
2091493
What is -60741 (base 14) in base 8?
-704765
What is 100111100101100110111 (base 2) in base 7?
14011642
-1200223 (base 4) to base 12
-36b7
Convert 14002305 (base 6) to base 15.
93605
3339851 (base 10) to base 7
40250114
Convert -122110100200 (base 3) to base 9.
-573320
Convert 100412054 (base 6) to base 9.
3200067
Convert 3453286 (base 9) to base 3.
10111210022220
What is -7a72c2 (base 15) in base 7?
-100456055
2453248 (base 10) to base 6
124325344
-300240 (base 8) to base 10
-98464
What is -130201130 (base 4) in base 2?
-11100100001011100
-1904a (base 12) to base 15
-ab81
Convert -852887 (base 12) to base 13.
-586552
23233431 (base 5) to base 14
57245
-73800 (base 12) to base 15
-2ed43
What is a47 (base 11) in base 5?
20021
Convert -11432120 (base 5) to base 4.
-122131322
Convert 1680a89 (base 14) to base 4.
222031220201
What is -34bb5 (base 12) in base 2?
-10001010010111001
Convert -11110000010001011 (base 2) to base 12.
-5b237
What is -a58a70 (base 12) in base 6?
-131515020
-1011100111011000001001 (base 2) to base 9
-5650702
What is -431243201 (base 5) in base 7?
-21325003
What is 10010111100100100 (base 2) in base 6?
1355140
What is -62113 (base 16) in base 15?
-7e03d
b24715 (base 13) to base 8
17654046
Convert -32a318 (base 13) to base 9.
-2218150
What is -4413102 (base 5) in base 7?
-434440
101100011111011001010111 (base 2) to base 8
54373127
-1542262 (base 8) to base 16
-6c4b2
What is -46766c (base 15) in base 16?
-335db7
Convert -3317442 (base 9) to base 8.
-6633310
4602444 (base 7) to base 15
b48bc
What is -232222320 (base 4) in base 10?
-191160
131121132 (base 4) to base 8
353136
What is -69a08 (base 16) in base 15?
-882d3
314308 (base 10) to base 5
40024213
What is a49ba7 (base 16) in base 6?
1023115143
What is -267824 (base 12) in base 7?
-5254231
Convert -21202012100110 (base 3) to base 11.
-2362716
What is -43755e (base 15) in base 2?
-1100010000101110000110
What is -18169001 (base 10) in base 4?
-1011103302221
Convert 4a088a (base 12) to base 14.
234a82
What is -205403145 (base 7) in base 2?
-101110011111001001001010
What is 4354563 (base 7) in base 13?
1594a7
-b616c8 (base 13) to base 5
-2042241324
What is -54867 (base 11) in base 12?
-3a06a
Convert 42653d (base 15) to base 9.
5845854
-3300023143 (base 5) to base 14
-d11039
Convert -1222102212100 (base 3) to base 10.
-1051848
Convert 9ab95 (base 16) to base 14.
126d5b
What is 100111101011100001 (base 2) in base 9?
266847
106122 (base 10) to base 11
72805
What is -1112110121 (base 3) in base 4?
-13120111
What is 622627 (base 8) in base 12?
9b41b
What is 20020110002 (base 3) in base 4?
131332232
Convert -56ba9 (base 12) to base 3.
-12212210110
Convert -417181 (base 13) to base 4.
-11311120222
What is -86c2b (base 13) in base 6?
-5120223
-101010101001100010111 (base 2) to base 12
-574907
12aa8b (base 13) to base 11
289812
-3201210113 (base 4) to base 13
-264704
What is -10011100010011111110 (base 2) in base 3?
-1012112021010
What is -49216 (base 12) in base 11?
-68260
What is 1212202234 (base 6) in base 8?
64574316
What is 2261224 (base 10) in base 8?
10500350
10111100001110011000001 (base 2) to base 5
3034331440
-3301201033 (base 4) to base 10
-989263
What is -3921b (base 16) in base 2?
-111001001000011011
Convert 457479 (base 12) to base 4.
10033123131
What is -12506603 (base 7) in base 6?
-40313555
Convert -1130410002 (base 5) to base 9.
-4778468
Convert -14be5e1 (base 15) to base 14.
-1dd49d8
What is 1424001441 (base 5) in base 12?
13012a5
-10795 (base 16) to base 10
-67477
What is 23332202 (base 4) in base 15?
e808
What is -734523 (base 8) in base 15?
-4c4a1
Convert -3412003 (base 5) to base 6.
-1142541
What is -562002 (base 7) in base 16?
-18339
108434 (base 14) to base 7
4523264
-1011210 (base 5) to base 13
-762b
Convert 3190b (base 13) to base 2.
10101110101000100
Convert -80e7ee (base 16) to base 15.
-b1d18c
Convert 673747 (base 8) to base 16.
377e7
2c6910 (base 15) to base 16
20c8bc
Convert -2d4d1e (base 16) to base 3.
-12120211111212
10112120001002 (base 3) to base 14
36d625
Convert -101203013 (base 4) to base 15.
-1646e
Convert -a8d806 (base 15) to base 3.
-120010200212220
What is 123810e (base 15) in base 11?
742a637
What is 174a778 (base 13) in base 4?
130312201130
What is 125611363 (base 7) in base 16?
7ba7e6
Convert -56554 (base 14) to base 12.
-a1366
What is 10300312 (base 4) in base 16?
4c36
What is -2102010202021 (base 3) in base 12?
-519b81
-3155003 (base 6) to base 12
-75a63
What is -1203235 (base 7) in base 6?
-3133344
27443712 (base 8) to base 14
b6ba42
4188855 (base 9) to base 11
12a2907
Convert 546738 (base 9) to base 4.
1033231001
Convert 6c440c (base 14) to base 7.
43306215
Convert 34305231 (base 6) to base 11.
658642
What is 112f8 (base 16) in base 6?
1301520
Convert 41320